{"id":25545030,"date":"2025-02-28T12:13:19","date_gmt":"2025-02-28T11:13:19","guid":{"rendered":"https:\/\/www.soniaherrero.com\/?post_type=product&#038;p=25545030"},"modified":"2025-03-19T21:02:23","modified_gmt":"2025-03-19T20:02:23","slug":"taller-adolescencia-papel-padres","status":"publish","type":"product","link":"https:\/\/www.soniaherrero.com\/de\/producto\/taller-adolescencia-papel-padres\/","title":{"rendered":"Taller &#8220;La salud mental en la adolescencia. El papel de padres y madres&#8221;"},"content":{"rendered":"<p>[et_pb_section fb_built=&#8221;1&#8243; _builder_version=&#8221;4.16&#8243; custom_padding=&#8221;0px||||false|false&#8221; da_disable_devices=&#8221;off|off|off&#8221; global_colors_info=&#8221;{}&#8221; da_is_popup=&#8221;off&#8221; da_exit_intent=&#8221;off&#8221; da_has_close=&#8221;on&#8221; da_alt_close=&#8221;off&#8221; da_dark_close=&#8221;off&#8221; da_not_modal=&#8221;on&#8221; da_is_singular=&#8221;off&#8221; da_with_loader=&#8221;off&#8221; da_has_shadow=&#8221;on&#8221;][et_pb_row _builder_version=&#8221;4.16&#8243; background_size=&#8221;initial&#8221; background_position=&#8221;top_left&#8221; background_repeat=&#8221;repeat&#8221; width=&#8221;100%&#8221; custom_padding=&#8221;0px||0px||false|false&#8221; global_colors_info=&#8221;{}&#8221;][et_pb_column type=&#8221;4_4&#8243; _builder_version=&#8221;4.16&#8243; custom_padding=&#8221;|||&#8221; global_colors_info=&#8221;{}&#8221; custom_padding__hover=&#8221;|||&#8221;][et_pb_wc_breadcrumb _builder_version=&#8221;4.16&#8243; global_colors_info=&#8221;{}&#8221;][\/et_pb_wc_breadcrumb][et_pb_wc_cart_notice _builder_version=&#8221;4.16&#8243; global_colors_info=&#8221;{}&#8221;][\/et_pb_wc_cart_notice][\/et_pb_column][\/et_pb_row][et_pb_row column_structure=&#8221;1_2,1_2&#8243; _builder_version=&#8221;4.16&#8243; background_size=&#8221;initial&#8221; background_position=&#8221;top_left&#8221; background_repeat=&#8221;repeat&#8221; width=&#8221;100%&#8221; custom_padding=&#8221;0px||||false|false&#8221; global_colors_info=&#8221;{}&#8221;][et_pb_column type=&#8221;1_2&#8243; _builder_version=&#8221;4.16&#8243; custom_padding=&#8221;|||&#8221; global_colors_info=&#8221;{}&#8221; custom_padding__hover=&#8221;|||&#8221;][et_pb_wc_images _builder_version=&#8221;4.16&#8243; global_colors_info=&#8221;{}&#8221;][\/et_pb_wc_images][\/et_pb_column][et_pb_column type=&#8221;1_2&#8243; _builder_version=&#8221;4.16&#8243; custom_padding=&#8221;|||&#8221; global_colors_info=&#8221;{}&#8221; custom_padding__hover=&#8221;|||&#8221;][et_pb_wc_title _builder_version=&#8221;4.16&#8243; global_colors_info=&#8221;{}&#8221;][\/et_pb_wc_title][et_pb_wc_rating _builder_version=&#8221;4.16&#8243; global_colors_info=&#8221;{}&#8221;][\/et_pb_wc_rating][et_pb_wc_price _builder_version=&#8221;4.16&#8243; global_colors_info=&#8221;{}&#8221;][\/et_pb_wc_price][et_pb_wc_description _builder_version=&#8221;4.16&#8243; global_colors_info=&#8221;{}&#8221;][\/et_pb_wc_description][et_pb_wc_add_to_cart _builder_version=&#8221;4.16&#8243; global_colors_info=&#8221;{}&#8221;][\/et_pb_wc_add_to_cart][et_pb_wc_meta _builder_version=&#8221;4.16&#8243; global_colors_info=&#8221;{}&#8221;][\/et_pb_wc_meta][\/et_pb_column][\/et_pb_row][et_pb_row _builder_version=&#8221;4.16&#8243; background_size=&#8221;initial&#8221; background_position=&#8221;top_left&#8221; background_repeat=&#8221;repeat&#8221; width=&#8221;100%&#8221; global_colors_info=&#8221;{}&#8221;][et_pb_column type=&#8221;4_4&#8243; _builder_version=&#8221;4.16&#8243; custom_padding=&#8221;|||&#8221; global_colors_info=&#8221;{}&#8221; custom_padding__hover=&#8221;|||&#8221;][et_pb_wc_tabs _builder_version=&#8221;4.16&#8243; global_colors_info=&#8221;{}&#8221;]\t\t\t\t\t[\/et_pb_wc_tabs][et_pb_wc_upsells _builder_version=&#8221;4.16&#8243; global_colors_info=&#8221;{}&#8221;][\/et_pb_wc_upsells][et_pb_wc_related_products _builder_version=&#8221;4.16&#8243; global_colors_info=&#8221;{}&#8221;][\/et_pb_wc_related_products][\/et_pb_column][\/et_pb_row][\/et_pb_section]<\/p>\n","protected":false},"excerpt":{"rendered":"<p>Facilita <strong>Gus Bas, psic\u00f3logo, especializado en adolescencia, pareja y familia<\/strong>.<\/p>\n<p>La adolescencia es una etapa intensa en la que, de manera inconsciente, revisamos de d\u00f3nde venimos, para decidir hacia d\u00f3nde queremos ir. Son a\u00f1os llenos de transgresi\u00f3n y confusi\u00f3n, una mezcla de inseguridad y omnipotencia, conviviendo en el mismo ser de forma constante.<\/p>\n","protected":false},"featured_media":25544870,"template":"","meta":{"_et_pb_use_builder":"on","_et_pb_old_content":"<h2><em><strong>\"La salud mental en la adolescencia. El papel de padres y madres\"<\/strong><\/em><\/h2>\r\nEn este taller <strong>daremos respuesta a las siguientes preguntas<\/strong>:\r\n\ud83c\udf3f \u00bfC\u00f3mo hacemos los padres y madres para distinguir si lo que est\u00e1 pasando es propio de la adolescencia o est\u00e1 yendo m\u00e1s all\u00e1?\r\n\r\n\ud83c\udf3f \u00bfCu\u00e1ndo tenemos que activarnos m\u00e1s de lo com\u00fan en esta etapa?\r\n\r\n\ud83c\udf3f \u00bfC\u00f3mo podemos construir un buen canal comunicativo con nuestro hijo o hija?\r\n\r\n\ud83c\udf3f \u00bfQu\u00e9 se\u00f1ales nos pueden estar avisando de alguna situaci\u00f3n m\u00e1s grave o incluso de alg\u00fan trastorno?\r\n\r\n<strong>\u00bfQui\u00e9n es Gus Bas?<\/strong>\r\nPsic\u00f3logo, especializado en adolescencia, pareja y familia. Cuenta con veinte a\u00f1os de experiencia en el \u00e1mbito terap\u00e9utico y pedag\u00f3gico. Trabaja ofreciendo acompa\u00f1amiento y orientaci\u00f3n en diversos formatos (terapia individual, terapia de pareja o familiar, grupos terap\u00e9uticos, talleres y conferencias). Co dirige el centro de terapias Espai 3om, en Barcelona, desde el que impulsa el programa GROW\u00ae para adolesccentes y familias. Adem\u00e1s, facilita el C\u00edrculo de Ayuda Mutua en la Comunidad de Apoyo RESPIRA.\r\n\r\n<strong>CU\u00c1NDO:<\/strong> Este taller tuvo lugar el martes 18 de marzo de 2025. Al inscribirte, recibes la grabaci\u00f3n para poderlo ver.","_et_gb_content_width":""},"product_brand":[],"product_cat":[397,364],"product_tag":[],"class_list":{"0":"post-25545030","1":"product","2":"type-product","3":"status-publish","4":"has-post-thumbnail","6":"product_cat-gus-bas-i","7":"product_cat-talleres-car","9":"first","10":"instock","11":"virtual","12":"taxable","13":"purchasable","14":"product-type-simple"},"_links":{"self":[{"href":"https:\/\/www.soniaherrero.com\/de\/wp-json\/wp\/v2\/product\/25545030","targetHints":{"allow":["GET"]}}],"collection":[{"href":"https:\/\/www.soniaherrero.com\/de\/wp-json\/wp\/v2\/product"}],"about":[{"href":"https:\/\/www.soniaherrero.com\/de\/wp-json\/wp\/v2\/types\/product"}],"wp:featuredmedia":[{"embeddable":true,"href":"https:\/\/www.soniaherrero.com\/de\/wp-json\/wp\/v2\/media\/25544870"}],"wp:attachment":[{"href":"https:\/\/www.soniaherrero.com\/de\/wp-json\/wp\/v2\/media?parent=25545030"}],"wp:term":[{"taxonomy":"product_brand","embeddable":true,"href":"https:\/\/www.soniaherrero.com\/de\/wp-json\/wp\/v2\/product_brand?post=25545030"},{"taxonomy":"product_cat","embeddable":true,"href":"https:\/\/www.soniaherrero.com\/de\/wp-json\/wp\/v2\/product_cat?post=25545030"},{"taxonomy":"product_tag","embeddable":true,"href":"https:\/\/www.soniaherrero.com\/de\/wp-json\/wp\/v2\/product_tag?post=25545030"}],"curies":[{"name":"wp","href":"https:\/\/api.w.org\/{rel}","templated":true}]}}

<p>Facilita <strong>Gus Bas, psicólogo, especializado en adolescencia, pareja y familia</strong>.</p>
<p>La adolescencia es una etapa intensa en la que, de manera inconsciente, revisamos de dónde venimos, para decidir hacia dónde queremos ir. Son años llenos de transgresión y confusión, una mezcla de inseguridad y omnipotencia, conviviendo en el mismo ser de forma constante.</p>

<h2><em><strong>"La salud mental en la adolescencia. El papel de padres y madres"</strong></em></h2>
En este taller <strong>daremos respuesta a las siguientes preguntas</strong>:
🌿 ¿Cómo hacemos los padres y madres para distinguir si lo que está pasando es propio de la adolescencia o está yendo más allá?

🌿 ¿Cuándo tenemos que activarnos más de lo común en esta etapa?

🌿 ¿Cómo podemos construir un buen canal comunicativo con nuestro hijo o hija?

🌿 ¿Qué señales nos pueden estar avisando de alguna situación más grave o incluso de algún trastorno?

<strong>¿Quién es Gus Bas?</strong>
Psicólogo, especializado en adolescencia, pareja y familia. Cuenta con veinte años de experiencia en el ámbito terapéutico y pedagógico. Trabaja ofreciendo acompañamiento y orientación en diversos formatos (terapia individual, terapia de pareja o familiar, grupos terapéuticos, talleres y conferencias). Co dirige el centro de terapias Espai 3om, en Barcelona, desde el que impulsa el programa GROW® para adolesccentes y familias. Además, facilita el Círculo de Ayuda Mutua en la Comunidad de Apoyo RESPIRA.

<strong>CUÁNDO:</strong> Este taller tuvo lugar el martes 18 de marzo de 2025. Al inscribirte, recibes la grabación para poderlo ver.
